{"id":16,"date":"2023-11-15T18:03:56","date_gmt":"2023-11-15T18:03:56","guid":{"rendered":"https:\/\/tara.ulpgc.es\/?page_id=16"},"modified":"2025-04-28T09:45:06","modified_gmt":"2025-04-28T09:45:06","slug":"difusion","status":"publish","type":"page","link":"https:\/\/tara.ulpgc.es\/?page_id=16","title":{"rendered":"DIFUSI\u00d3N"},"content":{"rendered":"<h2>Art\u00edculos en revistas<\/h2>\n<hr \/>\n<ul>\n<li>Rodr\u00edguez-Esparrag\u00f3n, D., Marcello, J., Eugenio, F., &amp; Gamba, P. (2024). Index-based forest degradation mapping using high and medium resolution multispectral sensors. <em>International Journal of Digital Earth<\/em>, 17(1), 2365981.<\/li>\n<li>Marcello Ruiz, J., Sp\u00ednola Lasso, M., Albors Zumel, L., Marqu\u00e9s Acosta, F., Rodr\u00edguez Esparrag\u00f3n, D., &amp; Eugenio Gonz\u00e1lez, F. (2024). Performance of individual tree segmentation algorithms in forest ecosystems using UAV LiDAR data. <em>Drones<\/em>, 8(12), article 772.<\/li>\n<li>Rodr\u00edguez-Esparrag\u00f3n, D., Gamba, P., &amp; Marcello, J. (2024). Automatic Methodology for Forest Fire Mapping with SuperDove Imagery. <em>Sensors<\/em>, 24(16), 5084.<\/li>\n<\/ul>\n<h2>Contribuciones en congresos<\/h2>\n<hr \/>\n<ul>\n<li>F. Eugenio, A. Mederos-Barrera and J. Marcello, \u00abHigh-Resolution Satellite Monitoring of Vulnerable Coastal Ecosystems Using Advanced Artificial Intelligence Techniques,\u00bb <em>IGARSS 2023 \u2013 IEEE International Geoscience and Remote Sensing Symposium<\/em>, Pasadena, CA, USA, 2023, pp. 4104\u20134107. <a href=\"https:\/\/doi.org\/10.1109\/IGARSS52108.2023.10282981\">doi:10.1109\/IGARSS52108.2023.10282981<\/a>.<\/li>\n<li>J. Marcello, F. Eugenio, D. Rodr\u00edguez-Esparrag\u00f3n and F. Marqu\u00e9s, \u00abAssessment of Forest Degradation Using Multitemporal and Multisensor Very High-Resolution Satellite Imagery,\u00bb <em>IGARSS 2023 \u2013 IEEE International Geoscience and Remote Sensing Symposium<\/em>, Pasadena, CA, USA, 2023, pp. 3233\u20133236. <a href=\"https:\/\/doi.org\/10.1109\/IGARSS52108.2023.10282547\">doi:10.1109\/IGARSS52108.2023.10282547<\/a>.<\/li>\n<li>Rodr\u00edguez-Esparrag\u00f3n, D., Marcello, J., &amp; Gamba, P. (2024). Metodolog\u00eda autom\u00e1tica para la cartograf\u00eda de incendios forestales con im\u00e1genes de PlanetScope. En <em>Teledetecci\u00f3n y Cambio Global: Retos y Oportunidades para un Crecimiento Azul<\/em>, Actas del XX Congreso de la Asociaci\u00f3n Espa\u00f1ola de Teledetecci\u00f3n, pp. 285\u2013288, C\u00e1diz, Espa\u00f1a. Disponible en: <a href=\"http:\/\/www.aet.org.es\/?q=congresos\">http:\/\/www.aet.org.es\/?q=congresos<\/a>.<\/li>\n<li>Garc\u00eda-Pedrero, A., Gonzalo-Mart\u00edn, C., Gonz\u00e1lez-Delgado, J., Boumahdi, M., &amp; Rodr\u00edguez-Esparrag\u00f3n, D. (2024). An\u00e1lisis temporal del NDVI y su relaci\u00f3n con la precipitaci\u00f3n y la temperatura en el Parque Nacional de Garajonay. En <em>Teledetecci\u00f3n y Cambio Global: Retos y Oportunidades para un Crecimiento Azul<\/em>, Actas del XX Congreso de la Asociaci\u00f3n Espa\u00f1ola de Teledetecci\u00f3n, pp. 619\u2013622, C\u00e1diz, Espa\u00f1a. Disponible en: <a href=\"http:\/\/www.aet.org.es\/?q=congresos\">http:\/\/www.aet.org.es\/?q=congresos<\/a>.<\/li>\n<li>Albors Zumel, L., Sp\u00ednola Lasso, M., Marcello Ruiz, J., Marqu\u00e9s Acosta, F., Rodr\u00edguez-Esparrag\u00f3n, D., &amp; Eugenio Gonz\u00e1lez, F. (2024). An\u00e1lisis multiresoluci\u00f3n espacial del estado de<\/li>\n<\/ul>\n","protected":false},"excerpt":{"rendered":"<p>Art\u00edculos en revistas Rodr\u00edguez-Esparrag\u00f3n, D., Marcello, J., Eugenio, F., &amp; Gamba, P. (2024). Index-based forest degradation mapping using high and medium resolution multispectral sensors. International Journal of Digital Earth, 17(1), 2365981. Marcello Ruiz, J., Sp\u00ednola Lasso, M., Albors Zumel, L., Marqu\u00e9s Acosta, F., Rodr\u00edguez Esparrag\u00f3n, D., &amp; Eugenio Gonz\u00e1lez, F. (2024). Performance of individual tree [&hellip;]<\/p>\n","protected":false},"author":1,"featured_media":0,"parent":0,"menu_order":0,"comment_status":"closed","ping_status":"closed","template":"","meta":{"ocean_post_layout":"","ocean_both_sidebars_style":"","ocean_both_sidebars_content_width":0,"ocean_both_sidebars_sidebars_width":0,"ocean_sidebar":"","ocean_second_sidebar":"","ocean_disable_margins":"enable","ocean_add_body_class":"","ocean_shortcode_before_top_bar":"","ocean_shortcode_after_top_bar":"","ocean_shortcode_before_header":"","ocean_shortcode_after_header":"","ocean_has_shortcode":"","ocean_shortcode_after_title":"","ocean_shortcode_before_footer_widgets":"","ocean_shortcode_after_footer_widgets":"","ocean_shortcode_before_footer_bottom":"","ocean_shortcode_after_footer_bottom":"","ocean_display_top_bar":"default","ocean_display_header":"default","ocean_header_style":"","ocean_center_header_left_menu":"","ocean_custom_header_template":"","ocean_custom_logo":0,"ocean_custom_retina_logo":0,"ocean_custom_logo_max_width":0,"ocean_custom_logo_tablet_max_width":0,"ocean_custom_logo_mobile_max_width":0,"ocean_custom_logo_max_height":0,"ocean_custom_logo_tablet_max_height":0,"ocean_custom_logo_mobile_max_height":0,"ocean_header_custom_menu":"","ocean_menu_typo_font_family":"","ocean_menu_typo_font_subset":"","ocean_menu_typo_font_size":0,"ocean_menu_typo_font_size_tablet":0,"ocean_menu_typo_font_size_mobile":0,"ocean_menu_typo_font_size_unit":"px","ocean_menu_typo_font_weight":"","ocean_menu_typo_font_weight_tablet":"","ocean_menu_typo_font_weight_mobile":"","ocean_menu_typo_transform":"","ocean_menu_typo_transform_tablet":"","ocean_menu_typo_transform_mobile":"","ocean_menu_typo_line_height":0,"ocean_menu_typo_line_height_tablet":0,"ocean_menu_typo_line_height_mobile":0,"ocean_menu_typo_line_height_unit":"","ocean_menu_typo_spacing":0,"ocean_menu_typo_spacing_tablet":0,"ocean_menu_typo_spacing_mobile":0,"ocean_menu_typo_spacing_unit":"","ocean_menu_link_color":"","ocean_menu_link_color_hover":"","ocean_menu_link_color_active":"","ocean_menu_link_background":"","ocean_menu_link_hover_background":"","ocean_menu_link_active_background":"","ocean_menu_social_links_bg":"","ocean_menu_social_hover_links_bg":"","ocean_menu_social_links_color":"","ocean_menu_social_hover_links_color":"","ocean_disable_title":"default","ocean_disable_heading":"default","ocean_post_title":"","ocean_post_subheading":"","ocean_post_title_style":"","ocean_post_title_background_color":"","ocean_post_title_background":0,"ocean_post_title_bg_image_position":"","ocean_post_title_bg_image_attachment":"","ocean_post_title_bg_image_repeat":"","ocean_post_title_bg_image_size":"","ocean_post_title_height":0,"ocean_post_title_bg_overlay":0.5,"ocean_post_title_bg_overlay_color":"","ocean_disable_breadcrumbs":"default","ocean_breadcrumbs_color":"","ocean_breadcrumbs_separator_color":"","ocean_breadcrumbs_links_color":"","ocean_breadcrumbs_links_hover_color":"","ocean_display_footer_widgets":"default","ocean_display_footer_bottom":"default","ocean_custom_footer_template":"","footnotes":""},"class_list":["post-16","page","type-page","status-publish","hentry","entry"],"_links":{"self":[{"href":"https:\/\/tara.ulpgc.es\/index.php?rest_route=\/wp\/v2\/pages\/16","targetHints":{"allow":["GET"]}}],"collection":[{"href":"https:\/\/tara.ulpgc.es\/index.php?rest_route=\/wp\/v2\/pages"}],"about":[{"href":"https:\/\/tara.ulpgc.es\/index.php?rest_route=\/wp\/v2\/types\/page"}],"author":[{"embeddable":true,"href":"https:\/\/tara.ulpgc.es\/index.php?rest_route=\/wp\/v2\/users\/1"}],"replies":[{"embeddable":true,"href":"https:\/\/tara.ulpgc.es\/index.php?rest_route=%2Fwp%2Fv2%2Fcomments&post=16"}],"version-history":[{"count":12,"href":"https:\/\/tara.ulpgc.es\/index.php?rest_route=\/wp\/v2\/pages\/16\/revisions"}],"predecessor-version":[{"id":509,"href":"https:\/\/tara.ulpgc.es\/index.php?rest_route=\/wp\/v2\/pages\/16\/revisions\/509"}],"wp:attachment":[{"href":"https:\/\/tara.ulpgc.es\/index.php?rest_route=%2Fwp%2Fv2%2Fmedia&parent=16"}],"curies":[{"name":"wp","href":"https:\/\/api.w.org\/{rel}","templated":true}]}}